{"id":42,"date":"2025-11-26T17:01:50","date_gmt":"2025-11-26T17:01:50","guid":{"rendered":"https:\/\/am-ried.schule\/?page_id=42"},"modified":"2025-11-26T17:01:50","modified_gmt":"2025-11-26T17:01:50","slug":"impressum","status":"publish","type":"page","link":"https:\/\/am-ried.schule\/index.php\/impressum\/","title":{"rendered":"Impressum"},"content":{"rendered":"\n<p>Verantwortlich f\u00fcr\u00a0<a href=\"https:\/\/am-ried.schule\/\">www.am-ried.schule<\/a>:<\/p>\n\n\n\n<p>Schule am Ried<br>Barbarossastr. 65<br>60388 Frankfurt a. M.<\/p>\n\n\n\n<p>Schulleiterin:<br>Dr. Elke Schmidt<\/p>\n\n\n\n<p>\u200b<\/p>\n\n\n\n<p>Kontakt:<br>E-Mail: Poststelle.Schule-am-Ried (-at-) stadt-frankfurt.de<br>E-Mail: info (-at-) schule-am-ried.org<br>Telefon: 069 \u2013 212 41256<\/p>\n\n\n\n<p>Schulnummer: 6055<\/p>\n\n\n\n<p>Schultr\u00e4ger:<br>Staatliches Schulamt der Stadt Frankfurt am Main<br>Stuttgarter Stra\u00dfe 18-24<br>60329 Frankfurt am Main<br>Telefon: 069 \u2013 389 89 01<br>e-Mail: poststelle@f.ssa.hessen.de<\/p>\n\n\n\n<p>Inhaltlich Verantwortlicher gem\u00e4\u00df \u00a7 10 Absatz 3 MDStV:<br>Christine Skupsch<\/p>\n\n\n\n<p>\u200b<\/p>\n\n\n\n<p>\u200bTrotz sorgf\u00e4ltiger inhaltlicher Kontrolle \u00fcbernehmen wir keine Haftung f\u00fcr die Inhalte externer Links. F\u00fcr den Inhalt der verlinkten Seiten sind ausschlie\u00dflich deren Betreiber verantwortlich. Wir distanzieren uns daher ausdr\u00fccklich von allen Inhalten verlinkter Seiten, sowie deren Anbietern.<\/p>\n\n\n\n<p>\u200b<\/p>\n\n\n\n<p>Copyright<\/p>\n\n\n\n<p>S\u00e4mtliche Rechte an den Inhalten dieser Site liegen, soweit nicht anders vermerkt oder durch Verweise auf andere Websites nicht vorhanden, bei der Schule am Ried. Der Gebrauch von Unterrichtsmaterial, Bildern und sonstigen Inhalten auf dieser Website ist nur nach Erlaubnis genehmigt. Jegliche Verwendung der Inhalte dieser Seiten, bedarf der vorherigen schriftlichen Zustimmung durch die Schulleitung der Schule am Ried.<\/p>\n","protected":false},"excerpt":{"rendered":"<p>Verantwortlich f\u00fcr\u00a0www.am-ried.schule: Schule am RiedBarbarossastr. 6560388 Frankfurt a. M. Schulleiterin:Dr. Elke Schmidt \u200b Kontakt:E-Mail: Poststelle.Schule-am-Ried (-at-) stadt-frankfurt.deE-Mail: info (-at-) schule-am-ried.orgTelefon: 069 \u2013 212 41256 Schulnummer: 6055 Schultr\u00e4ger:Staatliches Schulamt der Stadt Frankfurt am MainStuttgarter Stra\u00dfe 18-2460329 Frankfurt am MainTelefon: 069 \u2013 389 89 01e-Mail: poststelle@f.ssa.hessen.de Inhaltlich Verantwortlicher gem\u00e4\u00df \u00a7 10 Absatz 3 MDStV:Christine Skupsch \u200b \u200bTrotz [&hellip;]<\/p>\n","protected":false},"author":2,"featured_media":0,"parent":0,"menu_order":0,"comment_status":"closed","ping_status":"closed","template":"","meta":{"footnotes":""},"class_list":["post-42","page","type-page","status-publish","hentry"],"_links":{"self":[{"href":"https:\/\/am-ried.schule\/index.php\/wp-json\/wp\/v2\/pages\/42","targetHints":{"allow":["GET"]}}],"collection":[{"href":"https:\/\/am-ried.schule\/index.php\/wp-json\/wp\/v2\/pages"}],"about":[{"href":"https:\/\/am-ried.schule\/index.php\/wp-json\/wp\/v2\/types\/page"}],"author":[{"embeddable":true,"href":"https:\/\/am-ried.schule\/index.php\/wp-json\/wp\/v2\/users\/2"}],"replies":[{"embeddable":true,"href":"https:\/\/am-ried.schule\/index.php\/wp-json\/wp\/v2\/comments?post=42"}],"version-history":[{"count":1,"href":"https:\/\/am-ried.schule\/index.php\/wp-json\/wp\/v2\/pages\/42\/revisions"}],"predecessor-version":[{"id":45,"href":"https:\/\/am-ried.schule\/index.php\/wp-json\/wp\/v2\/pages\/42\/revisions\/45"}],"wp:attachment":[{"href":"https:\/\/am-ried.schule\/index.php\/wp-json\/wp\/v2\/media?parent=42"}],"curies":[{"name":"wp","href":"https:\/\/api.w.org\/{rel}","templated":true}]}}